 greatest common factor of 319 and c.
11
Let j = -4785 + 5225. What is the highest common factor of j and 5500?
220
Suppose 37*q + 3*q = 428641 - 88921. What is the highest common factor of 57 and q?
57
Suppose 21*d - 931 - 2111 = 8*d. Calculate the greatest common factor of d and 7995.
39
Let g = 2103 - 2100. What is the greatest common divisor of 291 and g?
3
Let a(q) = 5*q**2 - 11*q + 32. Let h be a(-7). Calculate the greatest common divisor of 118 and h.
118
Let c(w) = 305*w + 58. Let g be c(-5). Let o = g - -3163. What is the greatest common factor of o and 53?
53
Let v = -27 - -20. Let i(g) = -3 - 6*g - 11*g - 3*g + g. Let p be i(v). Calculate the greatest common divisor of p and 26.
26
Let p(h) = h**3 - 84*h**2 + 1089*h - 59. Let g be p(68). Calculate the highest common divisor of 2511 and g.
9
Let r(x) = 2*x**3 - 24*x**2 - 56*x - 78. Let c be r(22). What is the highest common factor of c and 1350?
270
Let m(u) = -230*u - 404. Let l be m(-2). Calculate the greatest common factor of l and 184.
8
Suppose 0*i - 5*i + 240 = 0. Suppose 33 = -2*d + 5*t + 6, -4*t = -12. Let x(b) = -b + 6. Let y be x(d). What is the greatest common factor of y and i?
12
Let b = 834 - 824. Suppose 0 = -k + 3, -5*t + 8*k + 91 = b*k. What is the highest common divisor of 153 and t?
17
Suppose 9*c - 2*b = 6*c - 8, 2*c - 2*b = -2. Let k be (-8)/c + 250/15. Let f be (1*(-4 - 14))/(-1). Calculate the highest common factor of k and f.
18
Suppose -28416 = -27*z - 10*z. Calculate the highest common divisor of 24 and z.
24
Suppose -9*p = -20 + 2. Suppose 5*i - 3*x + 54 = 0, 2*i + p*i + 27 = -3*x. Let u be i*(6/(-2) - 32/2). What is the highest common factor of 19 and u?
19
Let n(c) = 8*c + 483. Let h be n(-58). Calculate the highest common factor of h and 4845.
19
Suppose 0 = -172*b + 74287 + 140137 + 94144. What is the highest common factor of 156 and b?
78
Let y(s) = -13*s - 200. Let c be y(-56). What is the greatest common factor of 1287 and c?
33
Let c be -3*(110/(-3) - 0). Let t be (-3)/4 - (166/8)/(-1). Suppose -10*q = -12*q + t. What is the greatest common factor of q and c?
10
Suppose -31*t + 28*t = -9. Let f be 10 - (4/(-8))/(t/6). What is the greatest common divisor of f and 77?
11
Suppose 129*d - 920 = 37*d. Suppose 0 = -2*y + 6*y + 5*u - 110, 121 = 5*y - 2*u. Suppose -y = g - 2*g. Calculate the highest common divisor of g and d.
5
Let u = 265 + -157. Suppose 9*i + 32*i - 4*i = 148. Calculate the highest common factor of u and i.
4
Let b(d) = -7*d - 10. Let v be b(-11). Let j = v + 87. What is the greatest common divisor of 22 and j?
22
Suppose 6*f + 20438 = -290*k + 292*k, -25 = -5*f. Calculate the highest common factor of 56 and k.
14
Suppose 4*m - 5 = 7. Suppose 470*t - 5853 + 213 = 0. Calculate the highest common factor of t and m.
3
Let b = 8431 - 8337. What is the highest common factor of 1081 and b?
47
Suppose 42*a - 900 = -3*a. Let t(f) = -2*f**2 - 34*f - 40. Let x be t(-15). What is the greatest common factor of a and x?
20
Let d be 67/5 - (5 + 140/(-25)). Let j be (11 + 0 + 3)*-2*-1. Calculate the highest common divisor of d and j.
14
Suppose -558 = -5*r - 4*y, 45 = 2*r + 3*y - 181. Let p be (8/(-6))/(3/(-99)). Suppose 0*v - p = -2*v. What is the highest common factor of v and r?
22
Let x be (-4)/12*-15 + -9 - -6. Suppose -h - t + 191 = 0, x*h - 4*t = 3*h - 188. What is the greatest common factor of 12 and h?
12
Let o be (-22)/(-10)*(-51510)/(-51). What is the highest common factor of 44 and o?
22
Suppose 90 = 5*m - 2*m. Let r = 2119 - 2009. Calculate the greatest common factor of r and m.
10
Suppose 2*n = 5*z - 0*n - 20, -3*z + 31 = -5*n. Suppose z*p - 1 = 7. Suppose -2*f = 8*d - 4*d - 24, -p = 4*d. Calculate the highest common factor of 112 and f.
14
Let l(g) = 26*g**3 - g**2 + 7*g - 7. Let d be l(1). What is the highest common factor of d and 4475?
25
Let a be 2/(6/(-488)*(-76)/456). Calculate the highest common divisor of 61 and a.
61
Suppose -57*x + 1295924 = 103*x - 36*x. Calculate the highest common factor of 7 and x.
7
Let q = -12152 + 12502. Calculate the highest common divisor of 2350 and q.
50
Suppose 0 = 433*l - 447*l + 5040. What is the greatest common divisor of 660 and l?
60
Suppose -672 = -3*p - 3*p. Suppose 0 = 2*k + 3*h + 7 + 27, 2*h + 96 = -5*k. Let d = k - -48. Calculate the greatest common divisor of d and p.
28
Let g(j) = j**2 - 2*j - 20. Let x be g(-4). Suppose x*a - 292 = 3*p + 168, -2*a = 2*p - 216. Calculate the greatest common divisor of 48 and a.
16
Let t be ((-351)/(-1))/((-264)/(-240) - (-2)/(-20)). Calculate the greatest common factor of 481 and t.
13
Suppose 6*p = 5*x + 2*p - 37, 4*p = 2*x - 22. Suppose 104 = 5*c + x*f - 96, 2*f - 43 = -c. Let b = 48 - c. Calculate the greatest common divisor of b and 176.
11
Suppose -3*z + 3*f = -f - 360, 5*z - 600 = -f. Suppose 5*s - 5*q - 138 = -33, 4*s - 99 = -q. What is the greatest common divisor of z and s?
24
Let m(c) be the third derivative of c**6/120 - 5*c**4/8 - 7*c**3/3 - 10*c**2. Let l be m(7). What is the greatest common divisor of 64 and l?
32
Suppose -11*i + 16*i = -60. Let x be (280/i)/(-7)*90 - -4. Suppose h + x = 4*u - 3*h, 3*u - 2*h = 232. Calculate the greatest common divisor of 5 and u.
5
Suppose -56 - 42 = -7*m. Let l = -7 - -3. Let r(w) = w**2 + w + 2. Let p be r(l). What is the greatest common factor of p and m?
14
Let t = 778 - 740. Suppose 2*w = -2*m - 2*w + 48, -2*m = -w - t. What is the greatest common divisor of 45 and m?
5
Let j = -136374 + 136946. Suppose -3*h + 9 = c, -4*c - 3*h - 2 = -20. Let i be (52/c)/(1/3). What is the highest common factor of i and j?
52
Let h be 46/8 + (-3)/(-12). Let s = 8806 + -8800. Calculate the greatest common divisor of s and h.
6
Suppose 50614 = 188*p + 10570. What is the highest common factor of p and 50907?
213
Let c be (-54)/3*(-14)/(-21). Let s be (-66)/4*(4 + c). What is the greatest common divisor of 12 and s?
12
Let o(k) = 2*k**3 + 3*k**2 - 44*k + 194. Let w be o(8). Calculate the greatest common divisor of w and 184.
46
Let q be (24/(-16))/(75/(-72) - -1). Suppose 58*s - 55*s - q = 0. Calculate the highest common factor of s and 492.
12
Let f be -3 - -4 - (1 - 5). Suppose f*l + 0 = 120. Suppose -13*m + 63 = 8*m. What is the greatest common divisor of m and l?
3
Let a(s) = s**2 + 33*s + 201. Let f be a(-7). Suppose f*l - 20*l + 16 = 0. What is the greatest common divisor of l and 16?
16
Let f = -79 + 85. Let d be 11/(-1 - -5 - (-3 + f)). Calculate the greatest common factor of 77 and d.
11
Let h(g) = 9*g + 9. Let q be h(0). Suppose q = -3*a, -2*i - a - 25 = -4*i. Calculate the greatest common factor of 77 and i.
11
Let r = 3413 - 3160. What is the greatest common divisor of 69 and r?
23
Let k = 121 - 116. Suppose -4*p - 412 = -2*u - 0*u, -p - 1075 = -k*u. Suppose 0*i + 4*i = u. Calculate the greatest common factor of 18 and i.
18
Let m = -10073 + 12308. Calculate the highest common divisor of m and 15.
15
Suppose -s + 5*f = 2*s + 1577, 2*s + 1044 = -4*f. Let w = s + 558. Calculate the greatest common factor of 102 and w.
34
Let y(w) = 77*w + 84. Let m be y(0). Let h = 82 + -19. What is the highest common divisor of m and h?
21
Let p(v) = 2*v**2 + 2*v + 1. Let y(t) = t**3 - 21*t**2 - 22*t + 3. Let x be y(22). Let k be p(x). Calculate the highest common divisor of k and 425.
25
Suppose 2044 = h - 4*m, 0 = -4*h + 3*m + 9177 - 1092. Calculate the greatest common factor of 210 and h.
42
Suppose -8*o + 6*o - 12 = 0. Let w(t) = -7*t - 2. Let s be w(o). Suppose -4*h + 486 = 2*z, 2*z = 2*h - 194 - 40. What is the highest common divisor of s and h?
40
Suppose -24*h = -20*h - 132. Suppose 9*g - h*g = -1056. What is the highest common divisor of 220 and g?
44
Let j = -60 - -177. Suppose -3*l + 12 = 0, 4*l - 61 = -5*n - 0*n. Suppose n*b = 5*b + 36. What is the greatest common divisor of j and b?
9
Let p = 1350 - 1230. Calculate the greatest common factor of p and 330.
30
Let a(j) = -7*j**3 - j**2 - 5*j + 3. Let c be a(-2). Calculate the greatest common factor of 1495 and c.
65
Let i be 1722/(-41)*2/4. Let h be (5 + 2)*(-5 + (-267)/i). Suppose -2*b = -b - 18. What is the greatest common divisor of h and b?
18
Suppose 4*n + 161 = 169. Suppose -5*u = -n*u + 18. Let w = u + 27. Calculate the highest common divisor of w and 35.
